88467 a prime number?
False
Is 10473235 prime?
False
Is 3570311 a composite number?
False
Is 1572673 a composite number?
True
Is 98703229 prime?
True
Is 1931123 prime?
True
Is 3480047 a prime number?
False
Is 10004167 prime?
False
Is 36110131 a prime number?
True
Is 2623669 composite?
True
Is 2780413 composite?
False
Is 119206795 a prime number?
False
Is 32954639 a prime number?
False
Is 71790533 prime?
True
Is 25737587 composite?
True
Is 39739289 a prime number?
True
Is 38850433 a composite number?
True
Is 19488223 prime?
False
Is 79531 a prime number?
True
Is 97873 a composite number?
True
Is 27047563 composite?
True
Is 10192053 a prime number?
False
Is 27876507 composite?
True
Is 13849003 a composite number?
True
Is 12093853 a composite number?
True
Is 204637157 a prime number?
True
Is 9589933 a prime number?
True
Is 10601609 a prime number?
True
Is 40212713 composite?
False
Is 7921289 composite?
False
Is 2091017 a prime number?
False
Is 18711709 a prime number?
False
Is 198729143 composite?
False
Is 126397 a composite number?
False
Is 32729699 composite?
False
Is 2534641 a prime number?
True
Is 13658881 prime?
True
Is 4112851 prime?
True
Is 54746413 a composite number?
False
Is 100989545 a composite number?
True
Is 154499377 prime?
True
Is 7102489 composite?
False
Is 114744277 a composite number?
False
Is 22291611 a composite number?
True
Is 3244667 composite?
False
Is 989407 prime?
False
Is 3113569 a prime number?
True
Is 92732257 a prime number?
True
Is 24252295 composite?
True
Is 58751839 a composite number?
False
Is 19938579 a composite number?
True
Is 907262 a composite number?
True
Is 1185731 a prime number?
False
Is 1486913 prime?
False
Is 1197167 a prime number?
True
Is 479131 a prime number?
True
Is 2238241 a composite number?
True
Is 86753 prime?
True
Is 4095989 a prime number?
False
Is 13691551 prime?
False
Is 14024651 a prime number?
True
Is 65106143 a prime number?
False
Is 7457239 prime?
False
Is 12047429 composite?
False
Is 6106189 prime?
True
Is 273859 a prime number?
False
Is 314957311 a prime number?
True
Is 785936597 prime?
True
Is 2943079 a composite number?
False
Is 4458553 a prime number?
False
Is 119680547 a prime number?
False
Is 207005065 a composite number?
True
Is 190243 prime?
True
Is 68422 a composite number?
True
Is 3270361 prime?
False
Is 1100288167 composite?
True
Is 494167 prime?
True
Is 101862907 a prime number?
False
Is 1826488151 prime?
True
Is 17915509 a composite number?
True
Is 473089 prime?
True
Is 8046235 a composite number?
True
Is 50802061 a composite number?
False
Is 17920489 a composite number?
True
Is 599422273 composite?
True
Is 1194997 prime?
True
Is 4188733 prime?
False
Is 8392151 prime?
False
Is 52491721 a composite number?
True
Is 96133601 prime?
False
Is 2652743 prime?
True
Is 10589699 prime?
True
Is 1623647931 prime?
False
Is 9975451 a composite number?
False
Is 48081881 a prime number?
False
Is 8735141 a composite number?
True
Is 8379821 a prime number?
True
Is 23889589 prime?
False
Is 359791 composite?
True
Is 2926909 a composite number?
False
Is 168078841 composite?
True
Is 11122711 prime?
True
Is 1324281721 composite?
True
Is 48005891 prime?
True
Is 1895849 a prime number?
False
Is 205733291 a composite number?
True
Is 103253821 composite?
True
Is 93552149 a prime number?
True
Is 14533289 a composite number?
True
Is 593839 a prime number?
True
Is 26269403 prime?
False
Is 2483297 prime?
False
Is 185280791 composite?
False
Is 47507717 composite?
True
Is 5629061 a composite number?
False
Is 35335951 composite?
True
Is 23078767 prime?
False
Is 1788847 a prime number?
True
Is 41107057 composite?
True
Is 1055303 composite?
False
Is 391562 a prime number?
False
Is 163200353 prime?
True
Is 48341305 prime?
False
Is 138774283 a prime number?
False
Is 9947719 composite?
False
Is 6026443 prime?
False
Is 283331 composite?
True
Is 593387 prime?
True
Is 5653957 prime?
True
Is 17274757 composite?
False
Is 111488386 a composite number?
True
Is 550979329 a prime number?
False
Is 7464659 composite?
True
Is 908249 a prime number?
True
Is 705829694 a composite number?
True
Is 207764849 a prime number?
True
Is 286831 a prime number?
True
Is 772273 a composite number?
False
Is 71822879 a composite number?
True
Is 553421 composite?
True
Is 323960783 a prime number?
True
Is 90353 prime?
True
Is 9503549 a composite number?
True
Is 127055353 a composite number?
True
Is 61423573 composite?
False
Is 178724521 a prime number?
True
Is 16307779 prime?
True
Is 4092698 a prime number?
False
Is 53099093 prime?
True
Is 104532581 prime?
False
Is 153185699 composite?
False
Is 94025523 a prime number?
False
Is 24860519 prime?
True
Is 118088189 a prime number?
True
Is 161379121 a composite number?
False
Is 5535653 a composite number?
False
Is 30674389 a composite number?
False
Is 3248623 prime?
False
Is 179505049 prime?
False
Is 13855561 a composite number?
True
Is 331548691 a composite number?
True
Is 2535527 composite?
False
Is 24152759 prime?
False
Is 63980698 a prime number?
False
Is 65884687 a prime number?
False
Is 11092343 a composite number?
False
Is 17937203 prime?
True
Is 30496195 prime?
False
Is 3664597 prime?
False
Is 4713649 a composite number?
False
Is 6562909 a prime number?
True
Is 59882759 a prime number?
True
Is 27202013 composite?
False
Is 18009401 prime?
True
Is 71185957 a prime number?
True
Is 819195833 a composite number?
False
Is 3372503 a prime number?
True
Is 12923669 composite?
True
Is 215062931 a composite number?
False
Is 115628111 a composite number?
False
Is 49700563 a composite number?
True
Is 22882727 a prime number?
False
Is 134887003 a prime number?
True
Is 50374822 prime?
False
Is 668347 a composite number?
False
Is 215979287 prime?
True
Is 71311301 composite?
True
Is 11009899 prime?
False
Is 42519 a composite number?
True
Is 1710997 prime?
True
Is 30303547 composite?
False
Is 16960277 composite?
False
Is 2176439 a composite number?
False
Is 138226943 composite?
False
Is 181728301 prime?
True
Is 341053 a composite number?
True
Is 19409939 a composite number?
False
Is 24214847 prime?
False
Is 51417967 a composite number?
False
Is 12571463 a prime number?
False
Is 10123799 composite?
True
Is 9079183 a composite number?
False
Is 3209873 prime?
False
Is 36195449 a prime number?
False
Is 1147099 a composite number?
False
Is 251685083 composite?
True
Is 200668133 composite?
False
Is 1930667 a composite number?
False
Is 423718 composite?
True
Is 33504319 composite?
True
Is 20835631 composite?
True
Is 38378113 a prime number?
False
Is 17140001 composite?
True
Is 13230487 a prime number?
True
Is 7284689 a prime number?
True
Is 706805029 prime?
False
Is 37599199 a composite number?
True
Is 6186581 a composite number?
False
Is 50331983 a prime number?
False
Is 57962815 a prime number?
False
Is 1752823 composite?
False
Is 220853723 a prime number?
True
Is 1332941 a composite number?
False
Is 119114887 a prime number?
True
Is 3836069 a composite number?
False
Is 28399997 a composite number?
True
Is 80931533 prime?
True
Is 2571643 a prime number?
False
Is 4359661 a composite number?
False
Is 88472671 a prime number?
False
Is 4754822 composite?
True
Is 8664223 prime?
True
Is 15439633 prime?
False
Is 5948401 a prime number?
False
Is 17078794 a composite number?
True
Is 562183 composite?
True
Is 1523663 prime?
True
Is 6185162 prime?
False
Is 9648977 prime?
False
Is 9808447 a prime number?
False
Is 47791511 composite?
True
Is 1523045 prime?
False
Is 45726257 a composite number?
False
Is 533470339 a prime number?
True
Is 11007791 a composite number?
True
Is 202513 prime?
False
Is 24250451 a prime number?
True
Is 429103559 a composite number?
False
Is 368593919 a composite number?
False
Is 10755383 prime?
False
Is 15180497 a prime number?
False
Is 112753019 a prime number?
True
Is 11963131 prime?
True
Is 2681533 a prime number?
True
Is 1842661 prime?
True
Is 4627439 a prime number?
False
Is 7225813 a composite number?
True
Is 143662451 composite?
True
Is 15435727 a prime number?
True
Is 31970051 composite?
False
Is 171895957 a composite number?
False
Is 44118811 a composite number?
True
Is 4115159 composite?
True
Is 434323577 a composite number?
True
Is 2276909 prime?
True
Is 37070483 a composite number